3, 28657807
What are the prime factors of 412081751?
17, 3229, 7507
What are the prime factors of 8447153444?
2, 2111788361
List the prime factors of 1895683926.
2, 3, 10733, 29437
What are the prime factors of 370931407?
7, 11, 59, 81649
List the prime factors of 613815125.
5, 7, 11, 63773
List the prime factors of 5932420261.
33349, 177889
List the prime factors of 94908868.
2, 23727217
List the prime factors of 981764.
2, 7, 5009
What are the prime factors of 67512271?
431, 156641
What are the prime factors of 449192265?
3, 5, 83, 421, 857
List the prime factors of 213872516.
2, 11, 13, 373903
List the prime factors of 638592650.
2, 5, 12771853
List the prime factors of 175005144.
2, 3, 810209
What are the prime factors of 701036648?
2, 13, 6740737
What are the prime factors of 58025789?
1741, 33329
What are the prime factors of 52381763?
7, 7483109
List the prime factors of 57005875.
5, 456047
What are the prime factors of 261473632?
2, 7, 1167293
List the prime factors of 6042570.
2, 3, 5, 19, 10601
List the prime factors of 537687698.
2, 23, 11688863
List the prime factors of 4189284940.
2, 5, 209464247
List the prime factors of 73488179.
37, 1986167
List the prime factors of 20408822.
2, 7, 349, 4177
What are the prime factors of 49031070?
2, 3, 5, 11, 148579
List the prime factors of 1707033569.
31, 1217, 45247
List the prime factors of 561235705.
5, 17, 179, 36887
List the prime factors of 90485790.
2, 3, 5, 19, 158747
What are the prime factors of 305116164?
2, 3, 1277, 6637
What are the prime factors of 439218691?
41, 10712651
What are the prime factors of 572416879?
59, 109, 89009
What are the prime factors of 76365463?
43, 499, 3559
List the prime factors of 623581934.
2, 23, 1933, 7013
List the prime factors of 53014227.
3, 7, 43, 8387
What are the prime factors of 4824167985?
3, 5, 7, 13, 137, 8599
List the prime factors of 1357341701.
419, 3239479
List the prime factors of 136280129.
23, 5925223
What are the prime factors of 2876000406?
2, 3, 47, 10198583
List the prime factors of 403128572.
2, 7, 11, 101, 12959
What are the prime factors of 208779963?
3, 7, 9941903
What are the prime factors of 55426284?
2, 3, 1539619
What are the prime factors of 59779433?
7, 8539919
List the prime factors of 2007896424.
2, 3, 83662351
List the prime factors of 196535674.
2, 17, 89, 107, 607
What are the prime factors of 211392321?
3, 7, 193, 7451
What are the prime factors of 2945653332?
2, 3, 23, 10672657
List the prime factors of 430388161.
7, 43, 1429861
What are the prime factors of 216770110?
2, 5, 47, 311, 1483
List the prime factors of 96981201.
3, 389, 27701
What are the prime factors of 49222057?
43, 421, 2719
List the prime factors of 39826954.
2, 17, 47, 24923
List the prime factors of 55819152.
2, 3, 157, 823
List the prime factors of 161488880.
2, 5, 7, 53, 5441
What are the prime factors of 191633922?
2, 3, 10646329
List the prime factors of 1348996688.
2, 13, 43, 150827
What are the prime factors of 2117876253?
3, 71, 997, 9973
What are the prime factors of 1306935437?
643, 2032559
What are the prime factors of 80251018?
2, 113, 355093
List the prime factors of 86132018.
2, 7, 109, 56443
List the prime factors of 390603639.
3, 29, 4489697
List the prime factors of 7684564408.
2, 23, 1759, 23743
List the prime factors of 20368629.
3, 59, 89, 431
List the prime factors of 253162760.
2, 5, 461, 13729
List the prime factors of 937915200.
2, 3, 5, 7237
List the prime factors of 1436991601.
601, 2391001
What are the prime factors of 909633874?
2, 73, 6230369
What are the prime factors of 196790285?
5, 39358057
List the prime factors of 23621260.
2, 5, 13, 47, 1933
List the prime factors of 57187768.
2, 11, 29, 22409
What are the prime factors of 1329492234?
2, 3, 7, 113, 280129
What are the prime factors of 185104814?
2, 211, 438637
List the prime factors of 965372191.
7, 137910313
What are the prime factors of 4627160049?
3, 157, 9824119
What are the prime factors of 122804604?
2, 3, 13, 53, 4951
What are the prime factors of 38651580?
2, 3, 5, 11, 241
What are the prime factors of 284720636?
2, 773, 92083
List the prime factors of 5823510.
2, 3, 5, 7, 11, 2521
What are the prime factors of 183857670?
2, 3, 5, 2042863
What are the prime factors of 100919873?
100919873
What are the prime factors of 775280630?
2, 5, 77528063
List the prime factors of 52730579.
11, 2039, 2351
What are the prime factors of 587686946?
2, 7, 11, 3816149
What are the prime factors of 60307333?
359, 167987
List the prime factors of 10172787.
3, 61, 55589
List the prime factors of 325665126.
2, 3, 439, 41213
List the prime factors of 376214777.
17, 22130281
What are the prime factors of 1199202891?
3, 41, 151, 64567
List the prime factors of 63112396.
2, 127, 283, 439
List the prime factors of 510934640.
2, 5, 6386683
List the prime factors of 2080500774.
2, 3, 11, 29, 1086991
List the prime factors of 38980353.
3, 12993451
What are the prime factors of 39963684?
2, 3, 41, 43, 1889
What are the prime factors of 128687581?
11, 2477, 4723
What are the prime factors of 283154173?
23, 29, 424519
List the prime factors of 345125789.
17, 20301517
What are the prime factors of 117344881?
117344881
List the prime factors of 106086948.
2, 3, 11, 23, 83, 421
What are the prime factors of 324034307?
281, 1153147
List the prime factors of 2345035839.
3, 37, 21126449
What are the prime factors of 33712255?
5, 6742451
List the prime factors of 37301338.
2, 18650669
List the prime factors of 107235658.
2, 19, 2821991
List the prime factors of 676202936.
2, 84525367
List the prime factors of 292017576.
2, 3, 12167399
List the prime factors of 1372835668.
2, 2633, 130349
List the prime factors of 91130189.
1019, 89431
What are the prime factors of 122813003?
122813003
List the prime factors of 210492336.
2, 3, 19, 443, 521
List the prime factors of 802665923.
802665923
List the prime factors of 38273768.
2, 13, 28309
List the prime factors of 1445739060.
2, 3, 5, 23, 107, 9791
List the prime factors of 62648945.
5, 12529789
What are the prime factors of 17134397?
7, 163, 15017
List the prime factors of 231349686.
2, 3, 23, 72889
What are the prime factors of 734836297?
13, 71, 796139
What are the prime factors of 316286479?
17, 1901, 9787
What are the prime factors of 165846689?
7001, 23689
List the prime factors of 290949393.
3, 7, 13854733
What are the prime factors of 503179282?
2, 79, 113, 28183
List the prime factors of 250414893.
3, 73, 113, 3373
What are the prime factors of 7581259?
7, 1083037
List the prime factors of 93971154.
2, 3, 15661859
List the prime factors of 2227593521.
17, 113, 1159601
What are the prime factors of 178515703?
1811, 98573
List the prime factors of 13439634.
2, 3, 13, 53, 3251
What are the prime factors of 17201848?
2, 67, 479
List the prime factors of 645847389.
3, 11, 103, 63337
What are the prime factors of 29047623?
3, 11, 80021
What are the prime factors of 15590854?
2, 43, 199, 911
List the prime factors of 543579884.
2, 23, 5908477
What are the prime factors of 42001969?
42001969
List the prime factors of 6266878532.
2, 31, 1019, 49597
List the prime factors of 923871827.
19, 31, 1568543
List the prime factors of 15502236.
2, 3, 619, 2087
List the prime factors of 239399979.
3, 7, 13, 373, 2351
What are the prime factors of 332674071?
3, 17, 199, 32779
List the prime factors of 372994729.
372994729
List the prime factors of 216138994.
2, 47, 337, 6823
What are the prime factors of 3266818453?
163, 3491, 5741
List the prime factors of 637308890.
2, 5, 6907, 9227
What are the prime factors of 294994771?
4793, 61547
What are the prime factors of 3466912498?
2, 7, 23, 2687, 4007
List the prime factors of 14722015.
5, 7, 11, 38239
What are the prime factors of 2268612856?
2, 239, 373, 3181
List the prime factors of 3261534947.
11, 296503177
List the prime factors of 78769255.
5, 157, 100343
What are the prime factors of 56647824?
2, 3, 757, 1559
List the prime factors of 21645441.
3, 801683
List the prime factors of 749658668.
2, 11, 2351, 7247
What are the prime factors of 11761369?
31, 379399
List the prime factors of 304811160.
2, 3, 5, 2540093
List the prime factors of 3805445693.
7, 77662157
List the prime factors of 2463689868